{"id":1074,"date":"2018-11-28T05:59:59","date_gmt":"2018-11-28T08:59:59","guid":{"rendered":"https:\/\/ensvslasvarillas-cba.infd.edu.ar\/sitio\/?page_id=1074"},"modified":"2025-01-09T21:26:44","modified_gmt":"2025-01-10T00:26:44","slug":"tecnico-superior-en-marketing-digital","status":"publish","type":"page","link":"https:\/\/ensvslasvarillas-cba.infd.edu.ar\/sitio\/tecnico-superior-en-marketing-digital\/","title":{"rendered":"T\u00e9cnico Superior en Marketing Digital"},"content":{"rendered":"<p><strong>Fecha de ingreso:<\/strong> Marzo 2025<\/p>\n<p><strong><u>Duraci\u00f3n de la trayectoria formativa<\/u><\/strong>: Dos a\u00f1os y medio<\/p>\n<p><strong><u>Modalidad de cursado:<\/u><\/strong>\u00a0Combinada<\/p>\n<p><strong><span lang=\"es-MX\"><u>Perfil profesional<\/u><\/span><span lang=\"es-MX\">:<\/span><\/strong><\/p>\n<p>El egresado de la Tecnicatura Superior en Marketing Digital est\u00e1 preparado para realizar un an\u00e1lisis pormenorizado del contexto y los cambios socioculturales que modifican las tendencias de consumo, con el objetivo de organizar y gestionar desarrollos de planes de marketing en medios no tradicionales, respetando las normativas y requerimientos vigentes en el \u00e1mbito de producci\u00f3n.<\/p>\n<p>Su formaci\u00f3n integral le brinda las posibilidades del desarrollo de las competencias necesarias para la b\u00fasqueda de productos y\/o servicios capaces de ser introducidos en el comercio electr\u00f3nico como tambi\u00e9n para desarrollar las estrategias pertinentes para el posicionamiento de marcas a trav\u00e9s de las redes sociales y otros medios no convencionales.<\/p>\n<p>La formaci\u00f3n recibida le permite al T\u00e9cnico Superior gestionar su \u00e1mbito de trabajo, en relaci\u00f3n de dependencia o en emprendimientos personales.<\/p>\n<p><strong>Estructura curricular:<\/strong><\/p>\n<p><strong>Primer A\u00f1o<\/strong><\/p>\n<p>Anuales:<\/p>\n<ul>\n<li>Sociolog\u00eda y Cultura Digital<\/li>\n<li>Ingl\u00e9s<\/li>\n<li>Psicolog\u00eda en el Proceso Comercial<\/li>\n<li>Marketing I<\/li>\n<li>Tecnolog\u00eda Digital<\/li>\n<li>Comercio Electr\u00f3nico<\/li>\n<li>Estrategias Digitales<\/li>\n<\/ul>\n<p><strong>Segundo A\u00f1o<\/strong><\/p>\n<p>Anuales:<\/p>\n<ul>\n<li>Desarrollo Emprendedor<\/li>\n<li>Administraci\u00f3n de Comunidades Digitales<\/li>\n<li>Marketing II<\/li>\n<li>Marketing en M\u00f3viles<\/li>\n<li>Sitios Web y Publicidad Digital<\/li>\n<li>Posicionamiento en Buscadores<\/li>\n<li>Pr\u00e1ctica Profesionalizante I<\/li>\n<\/ul>\n<p><strong>Tercer A\u00f1o<\/strong><\/p>\n<p>Primer Cuatrimestre<\/p>\n<ul>\n<li>Plan de Marketing Digital<\/li>\n<li>Estrategia de Ventas en Medios Digitales<\/li>\n<li>Anal\u00edtica Web<\/li>\n<li>Administraci\u00f3n Estrat\u00e9gica<\/li>\n<li>Pr\u00e1ctica Profesionalizante II<\/li>\n<\/ul>\n<p><strong data-rich-text-format-boundary=\"true\">Incripciones 2025:<\/strong> <a href=\"https:\/\/forms.gle\/svMd5Z6XdtetCedi7\" data-type=\"URL\" data-id=\"https:\/\/forms.gle\/svMd5Z6XdtetCedi7\">clic aqu\u00ed <\/a><\/p>\n","protected":false},"excerpt":{"rendered":"<p>Fecha de ingreso: Marzo 2025 Duraci\u00f3n de la trayectoria formativa: Dos a\u00f1os y medio Modalidad de cursado:\u00a0Combinada Perfil profesional: El egresado de la Tecnicatura Superior en Marketing Digital est\u00e1 preparado para realizar un an\u00e1lisis pormenorizado del contexto y los cambios socioculturales que modifican las tendencias de consumo, con el objetivo de organizar y gestionar desarrollos &#8230; <a title=\"T\u00e9cnico Superior en Marketing Digital\" class=\"read-more\" href=\"https:\/\/ensvslasvarillas-cba.infd.edu.ar\/sitio\/tecnico-superior-en-marketing-digital\/\" aria-label=\"More on T\u00e9cnico Superior en Marketing Digital\">[+]<\/a><\/p>\n","protected":false},"author":390,"featured_media":0,"parent":0,"menu_order":0,"comment_status":"closed","ping_status":"closed","template":"","meta":[],"acf":[],"_links":{"self":[{"href":"https:\/\/ensvslasvarillas-cba.infd.edu.ar\/sitio\/wp-json\/wp\/v2\/pages\/1074"}],"collection":[{"href":"https:\/\/ensvslasvarillas-cba.infd.edu.ar\/sitio\/wp-json\/wp\/v2\/pages"}],"about":[{"href":"https:\/\/ensvslasvarillas-cba.infd.edu.ar\/sitio\/wp-json\/wp\/v2\/types\/page"}],"author":[{"embeddable":true,"href":"https:\/\/ensvslasvarillas-cba.infd.edu.ar\/sitio\/wp-json\/wp\/v2\/users\/390"}],"replies":[{"embeddable":true,"href":"https:\/\/ensvslasvarillas-cba.infd.edu.ar\/sitio\/wp-json\/wp\/v2\/comments?post=1074"}],"version-history":[{"count":5,"href":"https:\/\/ensvslasvarillas-cba.infd.edu.ar\/sitio\/wp-json\/wp\/v2\/pages\/1074\/revisions"}],"predecessor-version":[{"id":1900,"href":"https:\/\/ensvslasvarillas-cba.infd.edu.ar\/sitio\/wp-json\/wp\/v2\/pages\/1074\/revisions\/1900"}],"wp:attachment":[{"href":"https:\/\/ensvslasvarillas-cba.infd.edu.ar\/sitio\/wp-json\/wp\/v2\/media?parent=1074"}],"curies":[{"name":"wp","href":"https:\/\/api.w.org\/{rel}","templated":true}]}}