{"id":1369,"date":"2021-09-05T19:24:39","date_gmt":"2021-09-05T22:24:39","guid":{"rendered":"https:\/\/ensvslasvarillas-cba.infd.edu.ar\/sitio\/?page_id=1369"},"modified":"2025-01-09T21:31:20","modified_gmt":"2025-01-10T00:31:20","slug":"profesorado-de-educacion-primaria","status":"publish","type":"page","link":"https:\/\/ensvslasvarillas-cba.infd.edu.ar\/sitio\/profesorado-de-educacion-primaria\/","title":{"rendered":"Profesorado de Educaci\u00f3n Primaria"},"content":{"rendered":"\n<p><strong>Fecha de ingreso:<\/strong> Marzo 2025<\/p>\n\n\n\n<p>Campo ocupacional:<\/p>\n\n\n\n<ul>\n<li>Centros educacionales para ni\u00f1os y adultos.<\/li>\n\n\n\n<li>Escuelas Urbanas y Rurales.<\/li>\n\n\n\n<li>Centros de Alfabetizaci\u00f3n.<\/li>\n\n\n\n<li>Docencia de apoyo.<\/li>\n<\/ul>\n\n\n\n<p>Plan de estudios:<\/p>\n\n\n\n<figure class=\"wp-block-table\"><table><tbody><tr><td>&nbsp;<\/td><td><strong>Campo de la<\/strong> &nbsp; <strong>formaci\u00f3n&nbsp; general<\/strong><\/td><td><strong>Campo de la pr\u00e1ctica docente:<\/strong><\/td><td><strong>Campo de la formaci\u00f3n espec\u00edfica:<\/strong><\/td><\/tr><tr><td><strong>Primer A\u00f1o<\/strong><\/td><td>-Pedagog\u00eda. &nbsp; Problem\u00e1ticas Socio-antropol\u00f3gicas en Educaci\u00f3n. -Psicolog\u00eda y Educaci\u00f3n. -Argentina en el Mundo Contempor\u00e1neo. -Lenguaje Digital y Audiovisual. -Lenguaje Corporal.<\/td><td>-Pr\u00e1ctica Docente I: Contextos y Pr\u00e1cticas Educativas.<\/td><td>-Desarrollo del Pensamiento Matem\u00e1tico. &nbsp; -Oralidad, Lectura y Escritura.<\/td><\/tr><tr><td><strong>Segundo A\u00f1o<\/strong><\/td><td>-Filosof\u00eda y Educaci\u00f3n. &nbsp; -Did\u00e1ctica General. -Lenguaje Art\u00edstico Expresivo.<\/td><td>-Pr\u00e1ctica Docente II: Escuelas, Historias Documentadas y cotidianeidad.<\/td><td>-Matem\u00e1tica y su Did\u00e1ctica I. &nbsp; -Lengua y su Did\u00e1ctica. -Ciencias Naturales y su Did\u00e1ctica I. -Ciencias Sociales y su Did\u00e1ctica I. -Sujetos de la Educaci\u00f3n y Convivencia Escolar.<\/td><\/tr><tr><td><strong>Tercer A\u00f1o<\/strong><\/td><td>&#8211; Historia y Pol\u00edtica de la Educaci\u00f3n Argentina.<\/td><td>&#8211; Pr\u00e1ctica Docente III: El Aula, Espacio del Aprender y del Ense\u00f1ar.<\/td><td>-Matem\u00e1tica y su Did\u00e1ctica II. &nbsp; -Literatura en el Nivel Primario. -Alfabetizaci\u00f3n Inicial. -Ciencias Naturales y su Did\u00e1ctica II. -Taller de Ciencias en la Escuela. -Ciencias Sociales y su Did\u00e1ctica II. -Educaci\u00f3n Art\u00edstico-expresiva. -TIC y la Ense\u00f1anza en el Nivel Primario.<\/td><\/tr><tr><td><strong>Cuarto A\u00f1o<\/strong><\/td><td>-\u00c9tica y Construcci\u00f3n de Ciudadan\u00eda.<\/td><td>-Pr\u00e1ctica Docente IV: y Residencia: Recrear las Pr\u00e1cticas Docentes.<\/td><td>-Problem\u00e1ticas y Desaf\u00edos del Nivel Primario. &nbsp; -Educaci\u00f3n F\u00edsica en el Nivel Primario. -Educaci\u00f3n Sexual Integral.<\/td><\/tr><\/tbody><\/table><figcaption class=\"wp-element-caption\"><strong>Inscripciones 2025: <\/strong><a href=\"https:\/\/forms.gle\/svMd5Z6XdtetCedi7\" data-type=\"URL\" data-id=\"https:\/\/forms.gle\/svMd5Z6XdtetCedi7\">clic aqu\u00ed <\/a><\/figcaption><\/figure>\n","protected":false},"excerpt":{"rendered":"<p>Fecha de ingreso: Marzo 2025 Campo ocupacional: Plan de estudios: &nbsp; Campo de la &nbsp; formaci\u00f3n&nbsp; general Campo de la pr\u00e1ctica docente: Campo de la formaci\u00f3n espec\u00edfica: Primer A\u00f1o -Pedagog\u00eda. &nbsp; Problem\u00e1ticas Socio-antropol\u00f3gicas en Educaci\u00f3n. -Psicolog\u00eda y Educaci\u00f3n. -Argentina en el Mundo Contempor\u00e1neo. -Lenguaje Digital y Audiovisual. -Lenguaje Corporal. -Pr\u00e1ctica Docente I: Contextos y Pr\u00e1cticas &#8230; <a title=\"Profesorado de Educaci\u00f3n Primaria\" class=\"read-more\" href=\"https:\/\/ensvslasvarillas-cba.infd.edu.ar\/sitio\/profesorado-de-educacion-primaria\/\" aria-label=\"More on Profesorado de Educaci\u00f3n Primaria\">[+]<\/a><\/p>\n","protected":false},"author":390,"featured_media":0,"parent":0,"menu_order":0,"comment_status":"closed","ping_status":"closed","template":"","meta":[],"acf":[],"_links":{"self":[{"href":"https:\/\/ensvslasvarillas-cba.infd.edu.ar\/sitio\/wp-json\/wp\/v2\/pages\/1369"}],"collection":[{"href":"https:\/\/ensvslasvarillas-cba.infd.edu.ar\/sitio\/wp-json\/wp\/v2\/pages"}],"about":[{"href":"https:\/\/ensvslasvarillas-cba.infd.edu.ar\/sitio\/wp-json\/wp\/v2\/types\/page"}],"author":[{"embeddable":true,"href":"https:\/\/ensvslasvarillas-cba.infd.edu.ar\/sitio\/wp-json\/wp\/v2\/users\/390"}],"replies":[{"embeddable":true,"href":"https:\/\/ensvslasvarillas-cba.infd.edu.ar\/sitio\/wp-json\/wp\/v2\/comments?post=1369"}],"version-history":[{"count":3,"href":"https:\/\/ensvslasvarillas-cba.infd.edu.ar\/sitio\/wp-json\/wp\/v2\/pages\/1369\/revisions"}],"predecessor-version":[{"id":1904,"href":"https:\/\/ensvslasvarillas-cba.infd.edu.ar\/sitio\/wp-json\/wp\/v2\/pages\/1369\/revisions\/1904"}],"wp:attachment":[{"href":"https:\/\/ensvslasvarillas-cba.infd.edu.ar\/sitio\/wp-json\/wp\/v2\/media?parent=1369"}],"curies":[{"name":"wp","href":"https:\/\/api.w.org\/{rel}","templated":true}]}}

Profesorado de Educación Primaria

<p><strong>Fecha de ingreso:</strong> Marzo 2025</p>



<p>Campo ocupacional:</p>



<ul>
<li>Centros educacionales para niños y adultos.</li>



<li>Escuelas Urbanas y Rurales.</li>



<li>Centros de Alfabetización.</li>



<li>Docencia de apoyo.</li>
</ul>



<p>Plan de estudios:</p>



<figure class="wp-block-table"><table><tbody><tr><td>&nbsp;</td><td><strong>Campo de la</strong> &nbsp; <strong>formación&nbsp; general</strong></td><td><strong>Campo de la práctica docente:</strong></td><td><strong>Campo de la formación específica:</strong></td></tr><tr><td><strong>Primer Año</strong></td><td>-Pedagogía. &nbsp; Problemáticas Socio-antropológicas en Educación. -Psicología y Educación. -Argentina en el Mundo Contemporáneo. -Lenguaje Digital y Audiovisual. -Lenguaje Corporal.</td><td>-Práctica Docente I: Contextos y Prácticas Educativas.</td><td>-Desarrollo del Pensamiento Matemático. &nbsp; -Oralidad, Lectura y Escritura.</td></tr><tr><td><strong>Segundo Año</strong></td><td>-Filosofía y Educación. &nbsp; -Didáctica General. -Lenguaje Artístico Expresivo.</td><td>-Práctica Docente II: Escuelas, Historias Documentadas y cotidianeidad.</td><td>-Matemática y su Didáctica I. &nbsp; -Lengua y su Didáctica. -Ciencias Naturales y su Didáctica I. -Ciencias Sociales y su Didáctica I. -Sujetos de la Educación y Convivencia Escolar.</td></tr><tr><td><strong>Tercer Año</strong></td><td>&#8211; Historia y Política de la Educación Argentina.</td><td>&#8211; Práctica Docente III: El Aula, Espacio del Aprender y del Enseñar.</td><td>-Matemática y su Didáctica II. &nbsp; -Literatura en el Nivel Primario. -Alfabetización Inicial. -Ciencias Naturales y su Didáctica II. -Taller de Ciencias en la Escuela. -Ciencias Sociales y su Didáctica II. -Educación Artístico-expresiva. -TIC y la Enseñanza en el Nivel Primario.</td></tr><tr><td><strong>Cuarto Año</strong></td><td>-Ética y Construcción de Ciudadanía.</td><td>-Práctica Docente IV: y Residencia: Recrear las Prácticas Docentes.</td><td>-Problemáticas y Desafíos del Nivel Primario. &nbsp; -Educación Física en el Nivel Primario. -Educación Sexual Integral.</td></tr></tbody></table><figcaption class="wp-element-caption"><strong>Inscripciones 2025: </strong><a href="https://forms.gle/svMd5Z6XdtetCedi7" data-type="URL" data-id="https://forms.gle/svMd5Z6XdtetCedi7">clic aquí </a></figcaption></figure>

<p>Fecha de ingreso: Marzo 2025 Campo ocupacional: Plan de estudios: &nbsp; Campo de la &nbsp; formación&nbsp; general Campo de la práctica docente: Campo de la formación específica: Primer Año -Pedagogía. &nbsp; Problemáticas Socio-antropológicas en Educación. -Psicología y Educación. -Argentina en el Mundo Contemporáneo. -Lenguaje Digital y Audiovisual. -Lenguaje Corporal. -Práctica Docente I: Contextos y Prácticas &#8230; <a title="Profesorado de Educación Primaria" class="read-more" href="https://ensvslasvarillas-cba.infd.edu.ar/sitio/profesorado-de-educacion-primaria/" aria-label="More on Profesorado de Educación Primaria">[+]</a></p>
