{"id":286,"date":"2016-10-31T13:17:59","date_gmt":"2016-10-31T16:17:59","guid":{"rendered":"https:\/\/ensvslasvarillas-cba.infd.edu.ar\/sitio\/?page_id=286"},"modified":"2024-12-10T19:42:18","modified_gmt":"2024-12-10T22:42:18","slug":"inicio","status":"publish","type":"page","link":"https:\/\/ensvslasvarillas-cba.infd.edu.ar\/sitio\/","title":{"rendered":"Inicio"},"content":{"rendered":"<div id=\"metaslider-id-403\" style=\"width: 100%;\" class=\"ml-slider-3-33-0 metaslider metaslider-flex metaslider-403 ml-slider ms-theme-default nav-hidden\" role=\"region\" aria-roledescription=\"Slideshow\" aria-label=\"Slideshow\">\n    <div id=\"metaslider_container_403\">\n        <div id=\"metaslider_403\" class=\"flexslider\">\n            <ul aria-live=\"polite\" class=\"slides\">\n                <li style=\"display: block; width: 100%;\" class=\"slide-1908 ms-image\" aria-roledescription=\"slide\" aria-label=\"slide-1908\"><img src=\"https:\/\/ensvslasvarillas-cba.infd.edu.ar\/sitio\/wp-content\/uploads\/2025\/01\/DVS_ingreso2025_web_pantalla-1279x720.png\" height=\"720\" width=\"1279\" alt=\"En 2025: Podr\u00e1s ser vos. Inscripciones abiertas INGRESO 2025. M\u00e1s informaci\u00f3n en www.dvs.edu.ar\" class=\"slider-403 slide-1908\" title=\"DVS_ingreso2025_web_pantalla\" \/><\/li>\n                <li style=\"display: none; width: 100%;\" class=\"slide-1910 ms-image\" aria-roledescription=\"slide\" aria-label=\"slide-1910\"><img src=\"https:\/\/ensvslasvarillas-cba.infd.edu.ar\/sitio\/wp-content\/uploads\/2025\/01\/DVS_ingreso2025_web_pantalla_carreras-1279x720.png\" height=\"720\" width=\"1279\" alt=\"En 2025: Podr\u00e1s ser vos. 4 Niveles Educativos + 8 Carreras Nivel Superior M\u00e1s informaci\u00f3n en www.dvs.edu.ar\" class=\"slider-403 slide-1910\" title=\"DVS_ingreso2025_web_pantalla_carreras\" \/><\/li>\n            <\/ul>\n        <\/div>\n        \n    <\/div>\n<\/div>\n<p>&nbsp;<\/p>\n<p style=\"padding-left: 90px;\">\u00a0<\/p>\n<p>En 2025, los Niveles Inicial, Primario y Secundario trabajar\u00e1n con educaci\u00f3n presencial en sus respectivos horarios.\u00a0<\/p>\n<p>En tanto, nuestras carreras tanto Docentes como T\u00e9cnicas contin\u00faan dict\u00e1ndose bajo la Modalidad Combinada, lo cual implica:\u00a0<\/p>\n<ul>\n<li>Presencialidad f\u00edsica en nuestra escuela, ubicada en la ciudad de Las Varillas, provincia de C\u00f3rdoba.<\/li>\n<li>Conexi\u00f3n a encuentros sincr\u00f3nicos en los d\u00edas y horarios estipulados.\u00a0<\/li>\n<li>Presentaci\u00f3n y realizaci\u00f3n de actividades e instancias evaluativas dentro del Entorno Virtual.\u00a0<\/li>\n<li>Cumplimiento con la asistencia.\u00a0<\/li>\n<\/ul>\n<p>\u00a0<\/p>\n<p>\u00a0<\/p>\n","protected":false},"excerpt":{"rendered":"<p>&nbsp; \u00a0 En 2025, los Niveles Inicial, Primario y Secundario trabajar\u00e1n con educaci\u00f3n presencial en sus respectivos horarios.\u00a0 En tanto, nuestras carreras tanto Docentes como T\u00e9cnicas contin\u00faan dict\u00e1ndose bajo la Modalidad Combinada, lo cual implica:\u00a0 Presencialidad f\u00edsica en nuestra escuela, ubicada en la ciudad de Las Varillas, provincia de C\u00f3rdoba. Conexi\u00f3n a encuentros sincr\u00f3nicos en &#8230; <a title=\"Inicio\" class=\"read-more\" href=\"https:\/\/ensvslasvarillas-cba.infd.edu.ar\/sitio\/\" aria-label=\"More on Inicio\">[+]<\/a><\/p>\n","protected":false},"author":1,"featured_media":0,"parent":0,"menu_order":0,"comment_status":"closed","ping_status":"closed","template":"","meta":[],"acf":[],"_links":{"self":[{"href":"https:\/\/ensvslasvarillas-cba.infd.edu.ar\/sitio\/wp-json\/wp\/v2\/pages\/286"}],"collection":[{"href":"https:\/\/ensvslasvarillas-cba.infd.edu.ar\/sitio\/wp-json\/wp\/v2\/pages"}],"about":[{"href":"https:\/\/ensvslasvarillas-cba.infd.edu.ar\/sitio\/wp-json\/wp\/v2\/types\/page"}],"author":[{"embeddable":true,"href":"https:\/\/ensvslasvarillas-cba.infd.edu.ar\/sitio\/wp-json\/wp\/v2\/users\/1"}],"replies":[{"embeddable":true,"href":"https:\/\/ensvslasvarillas-cba.infd.edu.ar\/sitio\/wp-json\/wp\/v2\/comments?post=286"}],"version-history":[{"count":158,"href":"https:\/\/ensvslasvarillas-cba.infd.edu.ar\/sitio\/wp-json\/wp\/v2\/pages\/286\/revisions"}],"predecessor-version":[{"id":1894,"href":"https:\/\/ensvslasvarillas-cba.infd.edu.ar\/sitio\/wp-json\/wp\/v2\/pages\/286\/revisions\/1894"}],"wp:attachment":[{"href":"https:\/\/ensvslasvarillas-cba.infd.edu.ar\/sitio\/wp-json\/wp\/v2\/media?parent=286"}],"curies":[{"name":"wp","href":"https:\/\/api.w.org\/{rel}","templated":true}]}}