{"id":883,"date":"2018-08-30T13:05:28","date_gmt":"2018-08-30T16:05:28","guid":{"rendered":"https:\/\/ensvslasvarillas-cba.infd.edu.ar\/sitio\/datos-institucionales\/"},"modified":"2023-12-22T21:37:54","modified_gmt":"2023-12-23T00:37:54","slug":"datos-institucionales","status":"publish","type":"page","link":"https:\/\/ensvslasvarillas-cba.infd.edu.ar\/sitio\/datos-institucionales\/","title":{"rendered":"Datos Institucionales"},"content":{"rendered":"<blockquote>\n<p style=\"text-align: center;\"><span style=\"font-family: tahoma,arial,helvetica,sans-serif;\"><span style=\"text-decoration: underline;\"><span style=\"font-size: 14pt;\">Escuela Normal Superior \u00abDalmacio V\u00e9lez S\u00e1rsfield\u00bb de Las Varillas. <\/span><\/span><\/span><\/p>\n<p style=\"text-align: center;\"><span style=\"font-size: 10pt; font-family: verdana;\"><span style=\"font-family: Tahoma;\"><span style=\"font-size: 12pt;\"><strong>Sus horarios de atenci\u00f3n son:<\/strong><\/span><\/span><\/span><\/p>\n<p><span style=\"font-size: 10pt; font-family: verdana;\"><span style=\"font-family: Tahoma;\"><span style=\"text-decoration: underline;\"><span style=\"font-size: 14pt;\">Nivel Inicial<\/span>:<\/span><\/span><\/span><\/p>\n<p><span style=\"font-size: 10pt; font-family: Tahoma;\"><span style=\"text-decoration: underline;\">Por el Turno de la Ma\u00f1ana:<\/span> de 8:00 a 12 hs.<\/span><\/p>\n<p><span style=\"font-size: 10pt; font-family: Tahoma;\"><span style=\"text-decoration: underline;\">Por el Turno de la Tarde:<\/span> de 13:00hs a 17:00 hs.<\/span><\/p>\n<p><span style=\"font-size: 10pt; font-family: Tahoma;\"><span style=\"text-decoration: underline;\">Direcci\u00f3n<\/span>: Roque Sa\u00e9nz Pe\u00f1a N\u00ba 450<\/span><\/p>\n<p><span style=\"font-size: 10pt; font-family: Tahoma;\"><span style=\"text-decoration: underline;\">Telefono N\u00ba<\/span>: 03533 &#8211; 423999 \/ 455995<\/span><\/p>\n<p><span style=\"font-size: 10pt; font-family: verdana;\"><span style=\"font-family: Tahoma;\"><span style=\"text-decoration: underline;\"><span style=\"font-size: 14pt;\">Nivel Primario<\/span>:<\/span><\/span><\/span><\/p>\n<p><span style=\"font-size: 10pt; font-family: Tahoma;\"><span style=\"text-decoration: underline;\">Por el Turno de la Ma\u00f1ana:<\/span> de 7: 00 hs a 13:00 hs.<\/span><\/p>\n<p><span style=\"font-size: 10pt; font-family: Tahoma;\"><span style=\"text-decoration: underline;\">Por el Turno de la Tarde:<\/span> de 13:00 hs a 18:30 hs.<\/span><\/p>\n<p><span style=\"font-size: 10pt; font-family: Tahoma;\"><span style=\"text-decoration: underline;\">Direcci\u00f3n<\/span>: Escribano Luis Morelli N\u00ba 118. Las Varillas.<\/span><\/p>\n<p><span style=\"font-size: 10pt; font-family: Tahoma;\"><span style=\"text-decoration: underline;\">Tel\u00e9fono N\u00ba<\/span>: 03533 \/ 455992<\/span><\/p>\n<p><span style=\"font-size: 10pt; font-family: verdana;\"><span style=\"font-family: Tahoma;\"><span style=\"text-decoration: underline;\"><span style=\"font-size: 14pt;\">Nivel Medio<\/span>:<\/span><\/span><\/span><\/p>\n<p><span style=\"font-size: 10pt; font-family: verdana;\"><span style=\"font-family: Tahoma;\"><span style=\"text-decoration: underline;\">Por el turno de la Ma\u00f1ana:<\/span> de 7:00 hs a 13:00 hs. <\/span><\/span><\/p>\n<p><span style=\"font-size: 10pt; font-family: verdana;\"><span style=\"font-family: Tahoma;\"><span style=\"text-decoration: underline;\">Por el turno de\u00a0la Tarde:<\/span> de 13:00 hs.a 18:30 hs.\u00a0<\/span><\/span><\/p>\n<p><span style=\"font-size: 10pt; font-family: Tahoma;\"><span style=\"font-size: 14pt;\"><span style=\"text-decoration: underline;\">Nivel Superior<\/span><\/span>:<\/span><\/p>\n<p><span style=\"font-size: 10pt; font-family: verdana;\"><span style=\"font-family: Tahoma;\"><span style=\"text-decoration: underline;\">Por el turno vespertino &#8211; noche:<\/span> de 18:30 a 23:30 hs.<\/span><\/span><\/p>\n<p><span style=\"font-size: 10pt; font-family: Tahoma;\"><span style=\"text-decoration: underline;\">Direcci\u00f3n<\/span>: Escribano Luis Morelli N\u00ba 188. Las Varillas.<\/span><\/p>\n<p><span style=\"font-size: 10pt; font-family: Tahoma;\"><span style=\"text-decoration: underline;\">T.E.\/ FAX<\/span>: 0 3 5 3 3\u00a0 &#8211; 4 2 3 9 9 1 &#8211; 4 5 5 9 9 1<\/span><\/p>\n<p><span style=\"font-size: 10pt; font-family: Tahoma;\">e &#8211; mail: <a href=\"dvslasvarillas2023@gmail.com\">dvslasvarillas2023@gmail.com<\/a><\/span><\/p>\n<p><span style=\"font-size: 10pt; font-family: Tahoma;\"><a href=\"http:\/\/www.ensvslasvarillas.cba.infd.edu.ar\">www.ensvslasvarillas.cba.infd.edu.ar<\/a><\/span><\/p>\n<p style=\"text-align: center;\"><span style=\"font-size: 24pt;\"><strong><span style=\"font-family: verdana,geneva;\"><span style=\"color: #339966;\">B I E N V E\u00a0N I D O S <\/span><\/span><\/strong><\/span><\/p>\n<\/blockquote>\n","protected":false},"excerpt":{"rendered":"<p>Escuela Normal Superior \u00abDalmacio V\u00e9lez S\u00e1rsfield\u00bb de Las Varillas. Sus horarios de atenci\u00f3n son: Nivel Inicial: Por el Turno de la Ma\u00f1ana: de 8:00 a 12 hs. Por el Turno de la Tarde: de 13:00hs a 17:00 hs. Direcci\u00f3n: Roque Sa\u00e9nz Pe\u00f1a N\u00ba 450 Telefono N\u00ba: 03533 &#8211; 423999 \/ 455995 Nivel Primario: Por el &#8230; <a title=\"Datos Institucionales\" class=\"read-more\" href=\"https:\/\/ensvslasvarillas-cba.infd.edu.ar\/sitio\/datos-institucionales\/\" aria-label=\"More on Datos Institucionales\">[+]<\/a><\/p>\n","protected":false},"author":158,"featured_media":0,"parent":0,"menu_order":0,"comment_status":"closed","ping_status":"closed","template":"","meta":[],"acf":[],"_links":{"self":[{"href":"https:\/\/ensvslasvarillas-cba.infd.edu.ar\/sitio\/wp-json\/wp\/v2\/pages\/883"}],"collection":[{"href":"https:\/\/ensvslasvarillas-cba.infd.edu.ar\/sitio\/wp-json\/wp\/v2\/pages"}],"about":[{"href":"https:\/\/ensvslasvarillas-cba.infd.edu.ar\/sitio\/wp-json\/wp\/v2\/types\/page"}],"author":[{"embeddable":true,"href":"https:\/\/ensvslasvarillas-cba.infd.edu.ar\/sitio\/wp-json\/wp\/v2\/users\/158"}],"replies":[{"embeddable":true,"href":"https:\/\/ensvslasvarillas-cba.infd.edu.ar\/sitio\/wp-json\/wp\/v2\/comments?post=883"}],"version-history":[{"count":5,"href":"https:\/\/ensvslasvarillas-cba.infd.edu.ar\/sitio\/wp-json\/wp\/v2\/pages\/883\/revisions"}],"predecessor-version":[{"id":1698,"href":"https:\/\/ensvslasvarillas-cba.infd.edu.ar\/sitio\/wp-json\/wp\/v2\/pages\/883\/revisions\/1698"}],"wp:attachment":[{"href":"https:\/\/ensvslasvarillas-cba.infd.edu.ar\/sitio\/wp-json\/wp\/v2\/media?parent=883"}],"curies":[{"name":"wp","href":"https:\/\/api.w.org\/{rel}","templated":true}]}}

<blockquote>
<p style="text-align: center;"><span style="font-family: tahoma,arial,helvetica,sans-serif;"><span style="text-decoration: underline;"><span style="font-size: 14pt;">Escuela Normal Superior «Dalmacio Vélez Sársfield» de Las Varillas. </span></span></span></p>
<p style="text-align: center;"><span style="font-size: 10pt; font-family: verdana;"><span style="font-family: Tahoma;"><span style="font-size: 12pt;"><strong>Sus horarios de atención son:</strong></span></span></span></p>
<p><span style="font-size: 10pt; font-family: verdana;"><span style="font-family: Tahoma;"><span style="text-decoration: underline;"><span style="font-size: 14pt;">Nivel Inicial</span>:</span></span></span></p>
<p><span style="font-size: 10pt; font-family: Tahoma;"><span style="text-decoration: underline;">Por el Turno de la Mañana:</span> de 8:00 a 12 hs.</span></p>
<p><span style="font-size: 10pt; font-family: Tahoma;"><span style="text-decoration: underline;">Por el Turno de la Tarde:</span> de 13:00hs a 17:00 hs.</span></p>
<p><span style="font-size: 10pt; font-family: Tahoma;"><span style="text-decoration: underline;">Dirección</span>: Roque Saénz Peña Nº 450</span></p>
<p><span style="font-size: 10pt; font-family: Tahoma;"><span style="text-decoration: underline;">Telefono Nº</span>: 03533 &#8211; 423999 / 455995</span></p>
<p><span style="font-size: 10pt; font-family: verdana;"><span style="font-family: Tahoma;"><span style="text-decoration: underline;"><span style="font-size: 14pt;">Nivel Primario</span>:</span></span></span></p>
<p><span style="font-size: 10pt; font-family: Tahoma;"><span style="text-decoration: underline;">Por el Turno de la Mañana:</span> de 7: 00 hs a 13:00 hs.</span></p>
<p><span style="font-size: 10pt; font-family: Tahoma;"><span style="text-decoration: underline;">Por el Turno de la Tarde:</span> de 13:00 hs a 18:30 hs.</span></p>
<p><span style="font-size: 10pt; font-family: Tahoma;"><span style="text-decoration: underline;">Dirección</span>: Escribano Luis Morelli Nº 118. Las Varillas.</span></p>
<p><span style="font-size: 10pt; font-family: Tahoma;"><span style="text-decoration: underline;">Teléfono Nº</span>: 03533 / 455992</span></p>
<p><span style="font-size: 10pt; font-family: verdana;"><span style="font-family: Tahoma;"><span style="text-decoration: underline;"><span style="font-size: 14pt;">Nivel Medio</span>:</span></span></span></p>
<p><span style="font-size: 10pt; font-family: verdana;"><span style="font-family: Tahoma;"><span style="text-decoration: underline;">Por el turno de la Mañana:</span> de 7:00 hs a 13:00 hs. </span></span></p>
<p><span style="font-size: 10pt; font-family: verdana;"><span style="font-family: Tahoma;"><span style="text-decoration: underline;">Por el turno de la Tarde:</span> de 13:00 hs.a 18:30 hs. </span></span></p>
<p><span style="font-size: 10pt; font-family: Tahoma;"><span style="font-size: 14pt;"><span style="text-decoration: underline;">Nivel Superior</span></span>:</span></p>
<p><span style="font-size: 10pt; font-family: verdana;"><span style="font-family: Tahoma;"><span style="text-decoration: underline;">Por el turno vespertino &#8211; noche:</span> de 18:30 a 23:30 hs.</span></span></p>
<p><span style="font-size: 10pt; font-family: Tahoma;"><span style="text-decoration: underline;">Dirección</span>: Escribano Luis Morelli Nº 188. Las Varillas.</span></p>
<p><span style="font-size: 10pt; font-family: Tahoma;"><span style="text-decoration: underline;">T.E./ FAX</span>: 0 3 5 3 3  &#8211; 4 2 3 9 9 1 &#8211; 4 5 5 9 9 1</span></p>
<p><span style="font-size: 10pt; font-family: Tahoma;">e &#8211; mail: <a href="dvslasvarillas2023@gmail.com">dvslasvarillas2023@gmail.com</a></span></p>
<p><span style="font-size: 10pt; font-family: Tahoma;"><a href="http://www.ensvslasvarillas.cba.infd.edu.ar">www.ensvslasvarillas.cba.infd.edu.ar</a></span></p>
<p style="text-align: center;"><span style="font-size: 24pt;"><strong><span style="font-family: verdana,geneva;"><span style="color: #339966;">B I E N V E N I D O S </span></span></strong></span></p>
</blockquote>

<p>Escuela Normal Superior «Dalmacio Vélez Sársfield» de Las Varillas. Sus horarios de atención son: Nivel Inicial: Por el Turno de la Mañana: de 8:00 a 12 hs. Por el Turno de la Tarde: de 13:00hs a 17:00 hs. Dirección: Roque Saénz Peña Nº 450 Telefono Nº: 03533 &#8211; 423999 / 455995 Nivel Primario: Por el &#8230; <a title="Datos Institucionales" class="read-more" href="https://ensvslasvarillas-cba.infd.edu.ar/sitio/datos-institucionales/" aria-label="More on Datos Institucionales">[+]</a></p>
