{"id":891,"date":"2018-08-30T13:05:30","date_gmt":"2018-08-30T16:05:30","guid":{"rendered":"https:\/\/ensvslasvarillas-cba.infd.edu.ar\/sitio\/organigrama-dges-autoridades-del-dvs\/"},"modified":"2018-10-01T20:25:50","modified_gmt":"2018-10-01T23:25:50","slug":"organigrama-dges-autoridades-del-dvs","status":"publish","type":"page","link":"https:\/\/ensvslasvarillas-cba.infd.edu.ar\/sitio\/organigrama-dges-autoridades-del-dvs\/","title":{"rendered":"Organigrama DGES &#8211; Autoridades del DVS"},"content":{"rendered":"<p style=\"text-align: center;\"><img decoding=\"async\" loading=\"lazy\" style=\"border: 0;\" title=\"Organigrama DGES 2011\" src=\"http:\/\/dges.cba.infd.edu.ar\/sitio\/upload\/img\/Organigrama_DGES_2011.jpg\" alt=\"Organigrama DGES 2011\" width=\"499\" height=\"347\" border=\"0\" \/><\/p>\n<div id=\"contenido_sitio\" class=\"tiny_personalizado\">\n<p><strong>Directora General<\/strong><\/p>\n<ul>\n<li>Magister y Prof. Santiago Amadeo LUCERO.<\/li>\n<\/ul>\n<p><strong>Equipo T\u00e9cnico Asesor<\/strong><\/p>\n<ul>\n<li>\n<div><strong>Tecnicaturas Socio-Human\u00edsticas:<\/strong><\/div>\n<ul>\n<li>Lic. Cristian Cariddi Ahumada<\/li>\n<li>Prof. Javier Sartori<\/li>\n<li>Lic. Armando Micolini<strong><br \/>\n<\/strong><\/li>\n<\/ul>\n<\/li>\n<li>\n<div><strong>Formaci\u00f3n Docente:<\/strong><\/div>\n<ul>\n<li>Prof. Mariana Torres<\/li>\n<li>Prof. Mirtha Fassina<\/li>\n<li>Prof. Gabriela Camps<\/li>\n<li>Prof. Marcelo L\u00f3pez<\/li>\n<li>Prof. Ana Karina Pe\u00f1a<\/li>\n<li>Lic. Claudia Mocibob<\/li>\n<\/ul>\n<\/li>\n<\/ul>\n<p><strong>Supervisores de Institutos de Nivel Superior<\/strong><\/p>\n<ul>\n<li>\n<div><strong>Inspecci\u00f3n de Educaci\u00f3n Superior\u00a0\u00a0I<\/strong><\/div>\n<ul>\n<li>Prof. Teresita Riccetti<\/li>\n<\/ul>\n<\/li>\n<\/ul>\n<ul>\n<li>\n<div><strong>Inspecci\u00f3n de Educaci\u00f3n Superior\u00a0\u00a0II<\/strong><\/div>\n<ul>\n<li>Prof. Daniel Farias<\/li>\n<\/ul>\n<\/li>\n<\/ul>\n<ul>\n<li>\n<div><strong>Inspecci\u00f3n de Educaci\u00f3n Superior\u00a0\u00a0III<\/strong><\/div>\n<ul>\n<li>Prof. y Lic. M\u00f3nica Giletta<\/li>\n<\/ul>\n<\/li>\n<\/ul>\n<ul>\n<li>\n<div><strong>Inspecci\u00f3n de Educaci\u00f3n Superior\u00a0\u00a0IV<\/strong><\/div>\n<ul>\n<li>Prof. Ariel Zecchini<\/li>\n<\/ul>\n<\/li>\n<\/ul>\n<p>&nbsp;<\/p>\n<p>&nbsp;<\/p>\n<p>&nbsp;<\/p>\n<p>&nbsp;<\/p>\n<p><strong style=\"color: #008000; font-size: 14pt;\">Autoridades Educativas de la Escuela Normal Superior \u00abDalmacio V\u00e9lez S\u00e1rsfield\u00bb &#8211; Las Varillas.<\/strong><\/p>\n<p>&nbsp;<\/p>\n<p><span style=\"font-size: 18pt; color: #ff9900;\"><strong>Nivel Superior.<\/strong><\/span><\/p>\n<\/div>\n<p><span style=\"font-family: verdana, geneva; font-size: 10pt; color: #ff6600;\" data-mce-mark=\"1\"><strong><span style=\"font-family: verdana, geneva; font-size: 10pt;\" data-mce-mark=\"1\"><span style=\"font-family: verdana, geneva; font-size: 10pt;\" data-mce-mark=\"1\">\u00a0<\/span><\/span><\/strong><\/span><strong style=\"font-family: verdana, geneva; font-size: 10pt;\"><span style=\"font-family: verdana, geneva; font-size: 10pt;\" data-mce-mark=\"1\"><span style=\"font-family: verdana, geneva; font-size: 10pt;\" data-mce-mark=\"1\"><span style=\"color: #ff6600;\"><span style=\"text-decoration: underline;\">Directora de los cuatro niveles educativos<\/span>: ALE, Graciela del Carmen \u00a0<\/span> \u00a0 \u00a0 \u00a0 \u00a0<\/span><\/span><\/strong><\/p>\n<p><img decoding=\"async\" loading=\"lazy\" class=\"alignnone size-full wp-image-981\" src=\"https:\/\/ensvslasvarillas-cba.infd.edu.ar\/sitio\/wp-content\/uploads\/2018\/10\/gra.png\" alt=\"\" width=\"142\" height=\"183\" \/><\/p>\n<p><span style=\"font-family: verdana, geneva; font-size: 10pt;\" data-mce-mark=\"1\"><strong><span style=\"color: #cc6600;\" data-mce-mark=\"1\"><span style=\"background-color: #ffffff;\" data-mce-mark=\"1\"><span style=\"color: #cc6600;\" data-mce-mark=\"1\"><span style=\"background-color: #ffffff;\" data-mce-mark=\"1\">\u00a0<\/span><\/span><\/span><\/span><\/strong><\/span><\/p>\n<p><span style=\"font-family: verdana, geneva; font-size: 10pt;\" data-mce-mark=\"1\"><strong><span style=\"color: #cc6600;\" data-mce-mark=\"1\"><span style=\"background-color: #ffffff;\" data-mce-mark=\"1\"><span style=\"text-decoration: underline;\">Vicedirectora de Ense\u00f1anza Superior<\/span>:\u00a0 TRUCCO, Liliana Beatriz<\/span><\/span><\/strong><\/span><\/p>\n<p><img decoding=\"async\" loading=\"lazy\" class=\"alignnone size-full wp-image-984\" src=\"https:\/\/ensvslasvarillas-cba.infd.edu.ar\/sitio\/wp-content\/uploads\/2018\/10\/lili.png\" alt=\"\" width=\"148\" height=\"193\" \/><\/p>\n<p><strong>Regente de Ense\u00f1anza Superior: BERTORELLO, Paola del Valle<\/strong><\/p>\n<p>&nbsp;<\/p>\n<p><span style=\"font-family: verdana, geneva; font-size: 10pt;\" data-mce-mark=\"1\"><strong><span style=\"color: #cc6600;\" data-mce-mark=\"1\"><span style=\"background-color: #ffffff;\" data-mce-mark=\"1\">\u00a0<\/span><\/span><\/strong><\/span><\/p>\n<p><span style=\"font-family: verdana, geneva; font-size: 18pt;\" data-mce-mark=\"1\"><strong><span style=\"color: #cc6600;\" data-mce-mark=\"1\"><span style=\"background-color: #ffffff;\" data-mce-mark=\"1\">\u00a0<strong><span style=\"color: #cc6600;\" data-mce-mark=\"1\"><span style=\"background-color: #ffffff;\" data-mce-mark=\"1\">Nivel Medio<\/span><\/span><\/strong><\/span><\/span><\/strong><\/span><\/p>\n<p><span style=\"font-family: verdana, geneva; font-size: 10pt;\" data-mce-mark=\"1\"><strong>\u00a0<\/strong><strong><span style=\"color: #cc6600;\" data-mce-mark=\"1\"><span style=\"background-color: #ffffff;\" data-mce-mark=\"1\"><span style=\"color: #cc6600;\" data-mce-mark=\"1\"><strong><span style=\"background-color: #ffffff;\" data-mce-mark=\"1\"><em><span style=\"color: #339966;\" data-mce-mark=\"1\"><img decoding=\"async\" title=\"Foto\" src=\"https:\/\/ensvslasvarillas-cba.infd.edu.ar\/sitio\/wp-content\/uploads\/2018\/08\/Moni1.jpg\" alt=\"Foto\" border=\"0\" \/><\/span><\/em><\/span><\/strong><\/span><\/span><\/span><\/strong><\/span><\/p>\n<p><span style=\"font-family: verdana, geneva; font-size: 10pt;\" data-mce-mark=\"1\"><strong><span style=\"color: #cc6600;\" data-mce-mark=\"1\"><span style=\"background-color: #ffffff;\" data-mce-mark=\"1\"><span style=\"text-decoration: underline;\">Vicedirectora<\/span>: GONZALEZ, M\u00f3nica Alejandra<\/span><\/span><\/strong><\/span><\/p>\n<p>&nbsp;<\/p>\n<p><span style=\"font-family: verdana, geneva; font-size: 18pt;\" data-mce-mark=\"1\"><strong><span style=\"color: #cc6600;\" data-mce-mark=\"1\"><span style=\"background-color: #ffffff;\" data-mce-mark=\"1\">\u00a0Nivel Primario<\/span><\/span><\/strong><\/span><\/p>\n<p><span style=\"font-family: verdana, geneva; font-size: 10pt;\" data-mce-mark=\"1\"><strong><span style=\"color: #cc6600;\" data-mce-mark=\"1\"><span style=\"background-color: #ffffff;\" data-mce-mark=\"1\"><span style=\"text-decoration: underline;\">Regente<\/span>:\u00a0 MARTINA, Olga Beatriz\u00a0 \u00a0 \u00a0 \u00a0 \u00a0\u00a0<\/span><\/span><\/strong><\/span><\/p>\n<p>&nbsp;<\/p>\n<p><span style=\"font-family: verdana, geneva; font-size: 10pt;\" data-mce-mark=\"1\"><strong>\u00a0<img decoding=\"async\" loading=\"lazy\" class=\"alignnone size-full wp-image-976\" src=\"https:\/\/ensvslasvarillas-cba.infd.edu.ar\/sitio\/wp-content\/uploads\/2018\/10\/olga.png\" alt=\"\" width=\"200\" height=\"159\" \/>\u00a0 \u00a0 \u00a0 \u00a0<\/strong><\/span><\/p>\n<p><span style=\"font-family: verdana, geneva; font-size: 10pt;\" data-mce-mark=\"1\"><strong><span style=\"color: #cc6600;\" data-mce-mark=\"1\"><span style=\"background-color: #ffffff;\" data-mce-mark=\"1\"><span style=\"text-decoration: underline;\">Subregente<\/span>:\u00a0<span style=\"color: #ff6600;\">CAMPANA, Susana de Lourdes.<\/span><\/span><\/span><\/strong><\/span><\/p>\n<p><span style=\"font-family: verdana, geneva; font-size: 10pt;\" data-mce-mark=\"1\"><strong><span style=\"color: #cc6600;\" data-mce-mark=\"1\">\u00a0<\/span><\/strong><\/span><\/p>\n<p><span style=\"font-family: verdana, geneva; font-size: 10pt;\" data-mce-mark=\"1\"><strong><span style=\"font-family: verdana, geneva; font-size: 10pt;\" data-mce-mark=\"1\"><span style=\"font-family: verdana, geneva; font-size: 10pt;\" data-mce-mark=\"1\"><span style=\"font-family: verdana, geneva; font-size: 10pt;\" data-mce-mark=\"1\"><img decoding=\"async\" title=\"Susana\" src=\"https:\/\/ensvslasvarillas-cba.infd.edu.ar\/sitio\/wp-content\/uploads\/2018\/08\/SusanaCampana.jpg\" alt=\"Susana\" border=\"0\" \/>\u00a0<\/span><\/span><\/span><\/strong><\/span><\/p>\n<p><span style=\"font-family: verdana, geneva; font-size: 10pt;\" data-mce-mark=\"1\"><strong><span style=\"font-family: verdana, geneva; font-size: 10pt;\" data-mce-mark=\"1\"><span style=\"font-family: verdana, geneva; font-size: 10pt;\" data-mce-mark=\"1\"><span style=\"font-family: verdana, geneva; font-size: 10pt;\" data-mce-mark=\"1\"><span style=\"color: #ff6600;\">Subregente<\/span><\/span><span style=\"color: #ff6600;\">: BOSSIO, Gachi<\/span><\/span><\/span><\/strong><\/span><\/p>\n<p><img decoding=\"async\" loading=\"lazy\" class=\"alignnone size-full wp-image-978\" src=\"https:\/\/ensvslasvarillas-cba.infd.edu.ar\/sitio\/wp-content\/uploads\/2018\/10\/gachi.png\" alt=\"\" width=\"258\" height=\"246\" \/><\/p>\n<p>&nbsp;<\/p>\n<p><span style=\"font-family: verdana, geneva; font-size: 18pt;\" data-mce-mark=\"1\"><strong><span style=\"color: #cc6600;\" data-mce-mark=\"1\"><span style=\"background-color: #ffffff;\" data-mce-mark=\"1\">Nivel Inicial<\/span><\/span><\/strong><\/span><\/p>\n<p><span style=\"font-family: verdana, geneva; font-size: 10pt;\"><strong><span style=\"font-family: verdana, geneva; font-size: 10pt;\"><span style=\"font-family: verdana, geneva; font-size: 10pt;\">REGENTE de ENSE\u00d1ANZA PRE PRIMARIA: ALLASIA, Daniela<\/span><\/span><\/strong><\/span><\/p>\n<p><img decoding=\"async\" loading=\"lazy\" class=\"alignnone size-full wp-image-973\" src=\"https:\/\/ensvslasvarillas-cba.infd.edu.ar\/sitio\/wp-content\/uploads\/2018\/10\/Dani-Alassia.png\" alt=\"\" width=\"190\" height=\"240\" \/><\/p>\n","protected":false},"excerpt":{"rendered":"<p>Directora General Magister y Prof. Santiago Amadeo LUCERO. Equipo T\u00e9cnico Asesor Tecnicaturas Socio-Human\u00edsticas: Lic. Cristian Cariddi Ahumada Prof. Javier Sartori Lic. Armando Micolini Formaci\u00f3n Docente: Prof. Mariana Torres Prof. Mirtha Fassina Prof. Gabriela Camps Prof. Marcelo L\u00f3pez Prof. Ana Karina Pe\u00f1a Lic. Claudia Mocibob Supervisores de Institutos de Nivel Superior Inspecci\u00f3n de Educaci\u00f3n Superior\u00a0\u00a0I Prof. &#8230; <a title=\"Organigrama DGES &#8211; Autoridades del DVS\" class=\"read-more\" href=\"https:\/\/ensvslasvarillas-cba.infd.edu.ar\/sitio\/organigrama-dges-autoridades-del-dvs\/\" aria-label=\"More on Organigrama DGES &#8211; Autoridades del DVS\">[+]<\/a><\/p>\n","protected":false},"author":158,"featured_media":0,"parent":0,"menu_order":0,"comment_status":"closed","ping_status":"closed","template":"","meta":[],"acf":[],"_links":{"self":[{"href":"https:\/\/ensvslasvarillas-cba.infd.edu.ar\/sitio\/wp-json\/wp\/v2\/pages\/891"}],"collection":[{"href":"https:\/\/ensvslasvarillas-cba.infd.edu.ar\/sitio\/wp-json\/wp\/v2\/pages"}],"about":[{"href":"https:\/\/ensvslasvarillas-cba.infd.edu.ar\/sitio\/wp-json\/wp\/v2\/types\/page"}],"author":[{"embeddable":true,"href":"https:\/\/ensvslasvarillas-cba.infd.edu.ar\/sitio\/wp-json\/wp\/v2\/users\/158"}],"replies":[{"embeddable":true,"href":"https:\/\/ensvslasvarillas-cba.infd.edu.ar\/sitio\/wp-json\/wp\/v2\/comments?post=891"}],"version-history":[{"count":9,"href":"https:\/\/ensvslasvarillas-cba.infd.edu.ar\/sitio\/wp-json\/wp\/v2\/pages\/891\/revisions"}],"predecessor-version":[{"id":986,"href":"https:\/\/ensvslasvarillas-cba.infd.edu.ar\/sitio\/wp-json\/wp\/v2\/pages\/891\/revisions\/986"}],"wp:attachment":[{"href":"https:\/\/ensvslasvarillas-cba.infd.edu.ar\/sitio\/wp-json\/wp\/v2\/media?parent=891"}],"curies":[{"name":"wp","href":"https:\/\/api.w.org\/{rel}","templated":true}]}}