{"id":904,"date":"2018-08-30T13:05:35","date_gmt":"2018-08-30T16:05:35","guid":{"rendered":"https:\/\/ensvslasvarillas-cba.infd.edu.ar\/sitio\/tecnico-superior-en-gestion-y-administracion-de-las-organizaciones\/"},"modified":"2025-01-09T21:22:35","modified_gmt":"2025-01-10T00:22:35","slug":"tecnico-superior-en-gestion-y-administracion-de-las-organizaciones","status":"publish","type":"page","link":"https:\/\/ensvslasvarillas-cba.infd.edu.ar\/sitio\/tecnico-superior-en-gestion-y-administracion-de-las-organizaciones\/","title":{"rendered":"Tecnicatura Superior en Administraci\u00f3n"},"content":{"rendered":"\n<p><strong>Fecha de ingreso:<\/strong> Marzo 2025<\/p>\n\n\n<p><strong><u>Duraci\u00f3n de la trayectoria formativa<\/u><\/strong>: Dos a\u00f1os y medio<\/p>\n<p><strong><u>Modalidad de cursado:<\/u><\/strong> Combinada<\/p>\n<p><strong><span style=\"font-family: Arial, serif;\"><span style=\"font-size: medium;\"><span lang=\"es-MX\"><u>Perfil profesional<\/u><\/span><\/span><\/span><span style=\"font-family: Arial, serif;\"><span style=\"font-size: medium;\"><span lang=\"es-MX\">:<\/span><\/span><\/span><\/strong><\/p>\n<p><span style=\"font-family: Arial, serif;\"><span style=\"font-size: medium;\"><span lang=\"es-MX\">El T\u00e9cnico Superior en Administraci\u00f3n est\u00e1 capacitado para planificar, organizar, dirigir y controlar los recursos necesarios para llevar adelante las funciones de las \u00e1reas administrativas, atendiendo a los desaf\u00edos, necesidades y problem\u00e1ticas del contexto econ\u00f3mico y social en el que act\u00fae.<\/span><\/span><\/span><\/p>\n<p>Es un profesional capacitado para coordinar y operar actividades y procesos propios de la administraci\u00f3n y registraci\u00f3n contable, las compras, las ventas, los recursos financieros, humanos y de producci\u00f3n, y en el uso de todo tipo de herramientas inform\u00e1ticas y de softwares de gesti\u00f3n espec\u00edficos de su campo profesional.<\/p>\n<p>Puede tomar decisiones, incluso aquellas no programadas dentro de su \u00e1rea de gesti\u00f3n actuando de manera proactiva, y desempe\u00f1arse realizando tareas de supervisi\u00f3n sobre personal de menor o igual jerarqu\u00eda, que est\u00e9n a su cargo, desarrollando actitudes de liderazgo y trabajo en equipo, en un contexto competitivo y cambiante, optimizando la utilizaci\u00f3n de los recursos de organizaci\u00f3n.<\/p>\n<p>Las actividades que desarrolla y su alcance tienen relaci\u00f3n con el tama\u00f1o de la organizaci\u00f3n; as\u00ed en grandes organizaciones est\u00e1 capacitado para realizar operaciones en \u00e1reas funcionales, incluso como personal de mandos medio, como as\u00ed tambi\u00e9n colaborar y participar en tareas de gesti\u00f3n estrat\u00e9gica, planeamiento, direcci\u00f3n y control. Mientras que en Pymes, su actividad puede alcanzar a toda la organizaci\u00f3n, con responsabilidad sobre los recursos que gestiona y administra, tomando decisiones y resolviendo las variadas problem\u00e1ticas que se presenten.<\/p>\n<p>El T\u00e9cnico Superior en Administraci\u00f3n cuenta con una s\u00f3lida formaci\u00f3n, que le permite planificar, organizar y gestionar sus propios emprendimientos. Adem\u00e1s, toda su actuaci\u00f3n est\u00e1 orientada por principios \u00e9ticos y criterios de responsabilidad social.<\/p>\n<p><strong>Estructura curricular:<\/strong><\/p>\n<p><strong>Primer A\u00f1o<\/strong><\/p>\n<p>Anual:<\/p>\n<ul>\n<li>Ingl\u00e9s I<\/li>\n<\/ul>\n<p>Primer Cuatrimestre:<\/p>\n<ul>\n<li>Administraci\u00f3n General<\/li>\n<li>Tecnolog\u00eda de la Informaci\u00f3n y Comunicaci\u00f3n I\u00a0<\/li>\n<li>Matem\u00e1tica Aplicada<\/li>\n<\/ul>\n<p>Segundo Cuatrimestre:<\/p>\n<ul>\n<li>Tecnolog\u00eda de la Informaci\u00f3n y Comunicaci\u00f3n II<\/li>\n<li>Estad\u00edstica Aplicada<\/li>\n<li>Principios y Estructura de la Econom\u00eda Argentina<\/li>\n<li>Sistemas de Informaci\u00f3n Contables I<\/li>\n<\/ul>\n<p><strong>Segundo A\u00f1o<\/strong><\/p>\n<p>Anual:\u00a0<\/p>\n<ul>\n<li>Ingl\u00e9s II<\/li>\n<\/ul>\n<p>Primer Cuatrimestre<\/p>\n<ul>\n<li>Sistemas Administrativos<\/li>\n<li>R\u00e9gimen Tributario<\/li>\n<li>Gesti\u00f3n Estrat\u00e9gica de Empresas<\/li>\n<li>Sistemas de Informaci\u00f3n Contables II<\/li>\n<\/ul>\n<p>Segundo Cuatrimestre<\/p>\n<ul>\n<li>Administraci\u00f3n de los Recursos Humanos<\/li>\n<li>Administraci\u00f3n de las Operaciones<\/li>\n<li>Gesti\u00f3n Comercial y T\u00e9cnicas de Ventas<\/li>\n<li>Aplicaciones de Inteligencia Artificial en Administraci\u00f3n<\/li>\n<li>Pr\u00e1ctica Profesionalizante I<\/li>\n<\/ul>\n<p><strong>Tercer A\u00f1o<\/strong><\/p>\n<p>Primer Cuatrimestre<\/p>\n<ul>\n<li>Derecho Laboral y de la Seguridad Social<\/li>\n<li>Marketing Digital y E-commerce<\/li>\n<li>Administraci\u00f3n Financiera<\/li>\n<li>Innovaci\u00f3n, digitalizaci\u00f3n y ambiente<\/li>\n<li>Pr\u00e1ctica Profesionalizante II<\/li>\n<\/ul>\n<p>\u00a0<\/p>\n<p><strong>Inscripciones 2025:<\/strong> <a href=\"_wp_link_placeholder\" data-wplink-edit=\"true\">clic aqu\u00ed\u00a0<\/a><\/p>\n<p>\u00a0<\/p>","protected":false},"excerpt":{"rendered":"<p>Fecha de ingreso: Marzo 2025 Duraci\u00f3n de la trayectoria formativa: Dos a\u00f1os y medio Modalidad de cursado: Combinada Perfil profesional: El T\u00e9cnico Superior en Administraci\u00f3n est\u00e1 capacitado para planificar, organizar, dirigir y controlar los recursos necesarios para llevar adelante las funciones de las \u00e1reas administrativas, atendiendo a los desaf\u00edos, necesidades y problem\u00e1ticas del contexto econ\u00f3mico &#8230; <a title=\"Tecnicatura Superior en Administraci\u00f3n\" class=\"read-more\" href=\"https:\/\/ensvslasvarillas-cba.infd.edu.ar\/sitio\/tecnico-superior-en-gestion-y-administracion-de-las-organizaciones\/\" aria-label=\"More on Tecnicatura Superior en Administraci\u00f3n\">[+]<\/a><\/p>\n","protected":false},"author":158,"featured_media":0,"parent":0,"menu_order":0,"comment_status":"closed","ping_status":"closed","template":"","meta":[],"acf":[],"_links":{"self":[{"href":"https:\/\/ensvslasvarillas-cba.infd.edu.ar\/sitio\/wp-json\/wp\/v2\/pages\/904"}],"collection":[{"href":"https:\/\/ensvslasvarillas-cba.infd.edu.ar\/sitio\/wp-json\/wp\/v2\/pages"}],"about":[{"href":"https:\/\/ensvslasvarillas-cba.infd.edu.ar\/sitio\/wp-json\/wp\/v2\/types\/page"}],"author":[{"embeddable":true,"href":"https:\/\/ensvslasvarillas-cba.infd.edu.ar\/sitio\/wp-json\/wp\/v2\/users\/158"}],"replies":[{"embeddable":true,"href":"https:\/\/ensvslasvarillas-cba.infd.edu.ar\/sitio\/wp-json\/wp\/v2\/comments?post=904"}],"version-history":[{"count":7,"href":"https:\/\/ensvslasvarillas-cba.infd.edu.ar\/sitio\/wp-json\/wp\/v2\/pages\/904\/revisions"}],"predecessor-version":[{"id":1897,"href":"https:\/\/ensvslasvarillas-cba.infd.edu.ar\/sitio\/wp-json\/wp\/v2\/pages\/904\/revisions\/1897"}],"wp:attachment":[{"href":"https:\/\/ensvslasvarillas-cba.infd.edu.ar\/sitio\/wp-json\/wp\/v2\/media?parent=904"}],"curies":[{"name":"wp","href":"https:\/\/api.w.org\/{rel}","templated":true}]}}