{"id":907,"date":"2018-08-30T13:05:36","date_gmt":"2018-08-30T16:05:36","guid":{"rendered":"https:\/\/ensvslasvarillas-cba.infd.edu.ar\/sitio\/tecnico-superior-en-gestion-de-la-produccion-agropecuaria\/"},"modified":"2018-08-30T13:05:36","modified_gmt":"2018-08-30T16:05:36","slug":"tecnico-superior-en-gestion-de-la-produccion-agropecuaria","status":"publish","type":"page","link":"https:\/\/ensvslasvarillas-cba.infd.edu.ar\/sitio\/tecnico-superior-en-gestion-de-la-produccion-agropecuaria\/","title":{"rendered":"T\u00e9cnico Superior en Gesti\u00f3n de la Producci\u00f3n Agropecuaria"},"content":{"rendered":"<p style=\"text-align: center;\"><strong><span style=\"color: #008000; font-family: verdana, geneva;\"><span style=\"font-size: 12pt;\">T&Eacute;CNICO SUPERIOR en GESTION de la PRODUCCI&Oacute;N AGROPECUARIA.&nbsp;<\/span><\/span><\/strong><\/p>\n<p style=\"text-align: left;\"><span style=\"color: #008000;\"><span style=\"font-size: 10pt;\"><span style=\"color: #000000;\"><span style=\"font-family: verdana,geneva;\"><span style=\"text-decoration: underline;\"><strong>Resoluci&oacute;n Ministerial:<\/strong><\/span> 232\/87.<\/span><\/span><\/span><\/span><\/p>\n<p style=\"text-align: left;\"><span style=\"color: #008000;\"><span style=\"font-size: 10pt;\"><span style=\"color: #000000;\"><span style=\"font-family: verdana,geneva;\"><span style=\"text-decoration: underline;\"><strong>T&iacute;tulo:<\/strong><\/span> Oficial.<\/span><\/span><\/span><\/span><\/p>\n<p style=\"text-align: left;\"><span style=\"color: #008000;\"><span style=\"font-size: 10pt;\"><span style=\"color: #000000;\"><span style=\"font-family: verdana,geneva;\"><span style=\"text-decoration: underline;\"><strong>Duraci&oacute;n:<\/strong><\/span> 3 (tres) a&ntilde;os.<\/span><\/span><\/span><\/span><\/p>\n<p style=\"text-align: left;\"><span style=\"color: #008000;\"><span style=\"font-size: 10pt;\"><span style=\"color: #000000;\"><span style=\"font-family: verdana,geneva;\"><span style=\"text-decoration: underline;\"><strong>Condici&oacute;n de Ingreso:<\/strong><\/span> Secundario Completo.<\/span><\/span><\/span><\/span><\/p>\n<p style=\"text-align: left;\"><strong><span style=\"text-decoration: underline;\"><span style=\"color: #008000;\"><span style=\"font-size: 10pt;\"><span style=\"color: #000000;\"><span style=\"font-family: verdana, geneva;\">Con capacidad para:<\/span><\/span><\/span><\/span><\/span><\/strong><\/p>\n<ul>\n<li>\n<div style=\"text-align: left;\"><span style=\"color: #008000;\"><span style=\"font-size: 10pt;\"><span style=\"color: #000000;\"><span style=\"font-family: verdana,geneva;\">Desempe&ntilde;arse como productor independiente y conductor de procesos productivos agropecuarios.<\/span><\/span><\/span><\/span><\/div>\n<\/li>\n<li>\n<div style=\"text-align: left;\"><span style=\"color: #008000;\"><span style=\"font-size: 10pt;\"><span style=\"color: #000000;\"><span style=\"font-family: verdana,geneva;\">Como agente de reparticiones oficiales y colaborador profesional universitario de tareas de investigaci&oacute;n, experimentaci&oacute;n y producci&oacute;n.<\/span><\/span><\/span><\/span><\/div>\n<\/li>\n<li>\n<div style=\"text-align: left;\"><span style=\"color: #008000;\"><span style=\"font-size: 10pt;\"><span style=\"color: #000000;\"><span style=\"font-family: verdana,geneva;\">C&oacute;mo t&eacute;cnico en empresas dedicadas a comercializar la producci&oacute;n agropecuaria, insumos, subproductos, provisiones, etc.<\/span><\/span><\/span><\/span><\/div>\n<\/li>\n<\/ul>\n<table border=\"0\" frame=\"lhs\">\n<tbody>\n<tr>\n<td>\n<p><span style=\"font-family: verdana, geneva; font-size: 18pt;\"><strong>1er. A&Ntilde;O<\/strong><\/span><\/p>\n<\/td>\n<\/tr>\n<\/tbody>\n<\/table>\n<table style=\"width: 100%; height: 184px;\" border=\"0\">\n<tbody>\n<tr>\n<td>\n<p style=\"text-align: center;\"><span style=\"font-family: verdana, geneva;\"><img decoding=\"async\" style=\"text-align: left;\" title=\"Vi&ntilde;etaabeja\" src=\"https:\/\/ensvslasvarillas-cba.infd.edu.ar\/sitio\/wp-content\/uploads\/2018\/08\/vinietaabeja.jpg\" border=\"0\" alt=\"Vi&ntilde;etaabeja\"><\/span><\/p>\n<\/td>\n<\/tr>\n<tr>\n<td>\n<ol>\n<li><span style=\"font-family: verdana, geneva; font-size: 10pt;\">Aplicaciones inform&aacute;ticas a los Sitemas de Geoposicionamiento Global.<\/span><\/li>\n<li><span style=\"font-family: verdana, geneva; font-size: 10pt;\">Contexto Social, Pol&iacute;tico y Econ&oacute;mico.<\/span><\/li>\n<li><span style=\"font-family: verdana, geneva; font-size: 10pt;\">Econom&iacute;a.<\/span><\/li>\n<li><span style=\"font-family: verdana, geneva; font-size: 10pt;\">F&iacute;sico -Qu&iacute;mica.<\/span><\/li>\n<li><span style=\"font-family: verdana, geneva; font-size: 10pt;\">Matem&aacute;tica y Estad&iacute;stica APlicada.<\/span><\/li>\n<li><span style=\"font-family: verdana, geneva; font-size: 10pt;\">Morfolog&iacute;a y Fisiolog&iacute;a Vegetal.<\/span><\/li>\n<li><span style=\"font-family: verdana, geneva; font-size: 10pt;\">Anatom&iacute;a y Fisiolog&iacute;a Animal.<\/span><\/li>\n<li><span style=\"font-family: verdana, geneva; font-size: 10pt;\">Ecolog&iacute;a de los Sistemas Agropecuarios.<\/span><\/li>\n<li><span style=\"font-family: verdana, geneva; font-size: 10pt;\">Pr&aacute;ctica Profesionalizante I<\/span><span style=\"font-family: verdana, geneva; font-size: 10pt;\">.<\/span><\/li>\n<\/ol>\n<\/td>\n<\/tr>\n<\/tbody>\n<\/table>\n<table style=\"width: 100%; height: 184px;\" border=\"0\">\n<tbody>\n<tr>\n<td><strong><span style=\"font-size: 18pt; font-family: verdana, geneva;\">2do. A&ntilde;o<\/span><\/strong><\/td>\n<\/tr>\n<tr>\n<td>\n<p style=\"text-align: center;\"><img decoding=\"async\" title=\"Vi&ntilde;etaabeja\" src=\"https:\/\/ensvslasvarillas-cba.infd.edu.ar\/sitio\/wp-content\/uploads\/2018\/08\/vinietaabeja.jpg\" border=\"0\" alt=\"Vi&ntilde;etaabeja\"><\/p>\n<\/td>\n<\/tr>\n<tr>\n<td>\n<ol>\n<li><span style=\"font-family: verdana, geneva; font-size: 10pt;\">Legislaci&oacute;n y Seguridad.<\/span><\/li>\n<li><span style=\"font-family: verdana, geneva; font-size: 10pt;\">Idioma Extranjero.<\/span><\/li>\n<li><span style=\"font-family: verdana, geneva; font-size: 10pt;\">Edafolog&iacute;a y Manejo de Suelos.<\/span><\/li>\n<li><span style=\"font-family: verdana, geneva; font-size: 10pt;\">Forraje y Manejo de Pasturas.<\/span><\/li>\n<li><span style=\"font-family: verdana, geneva; font-size: 10pt;\">Cultivos Intensivos.<\/span><\/li>\n<li><span style=\"font-family: verdana, geneva; font-size: 10pt;\">Nutrici&oacute;n Animal.<\/span><\/li>\n<li><span style=\"font-family: verdana, geneva; font-size: 10pt;\">Maquinarias Agr&iacute;colas.<\/span><\/li>\n<li><span style=\"font-family: verdana, geneva; font-size: 10pt;\">Reproducci&oacute;n y Sanidad Animal.<\/span><\/li>\n<li><span style=\"font-family: verdana, geneva; font-size: 10pt;\">Zoolog&iacute;a y Fitopatolog&iacute;a Agr&iacute;cola.<\/span><\/li>\n<li><span style=\"font-family: verdana, geneva; font-size: 10pt;\">Pr&aacute;ctica Profesionalizante II.<\/span><\/li>\n<\/ol>\n<\/td>\n<\/tr>\n<\/tbody>\n<\/table>\n<table border=\"0\" frame=\"lhs\">\n<tbody>\n<tr>\n<td>\n<p><strong><span style=\"font-family: verdana, geneva; font-size: 18pt;\">3er. A&Ntilde;O<\/span><\/strong><\/p>\n<\/td>\n<\/tr>\n<\/tbody>\n<\/table>\n<table style=\"width: 100%; height: 184px;\" border=\"0\">\n<tbody>\n<tr>\n<td>\n<p style=\"text-align: center;\"><span style=\"font-family: verdana, geneva;\"><img decoding=\"async\" title=\"Vi&ntilde;etaabeja\" src=\"https:\/\/ensvslasvarillas-cba.infd.edu.ar\/sitio\/wp-content\/uploads\/2018\/08\/vinietaabeja.jpg\" border=\"0\" alt=\"Vi&ntilde;etaabeja\"><\/span><\/p>\n<\/td>\n<\/tr>\n<tr>\n<td>\n<ol>\n<li><span style=\"font-family: verdana, geneva; font-size: 10pt;\">Administraci&oacute;n de la Producci&oacute;n Rural.<\/span><\/li>\n<li><span style=\"font-family: verdana, geneva; font-size: 10pt;\">Gesti&oacute;n de la Comercializaci&oacute;n Agropecuaria.<\/span><\/li>\n<li><span style=\"font-family: verdana, geneva; font-size: 10pt;\">Cereales y Oleaginosas.<\/span><\/li>\n<li><span style=\"font-family: verdana, geneva; font-size: 10pt;\">Producci&oacute;n de Carne y Leche.<\/span><\/li>\n<li><span style=\"font-family: verdana, geneva; font-size: 10pt;\">Producci&oacute;n de Animales Menores.<\/span><\/li>\n<li><span style=\"font-family: verdana, geneva; font-size: 10pt;\">Buenas Pr&aacute;cticas e Industrializaci&oacute;n.<\/span><\/li>\n<li><span style=\"font-family: verdana, geneva; font-size: 10pt;\">Comunicaci&oacute;n y Extensi&oacute;n.<\/span><\/li>\n<li><span style=\"font-family: verdana, geneva; font-size: 10pt;\">Terape&uacute;tica Vegetal.<\/span><\/li>\n<li><span style=\"font-family: verdana, geneva; font-size: 10pt;\">Pr&aacute;ctica Profesionalizante III.<\/span><\/li>\n<\/ol>\n<\/td>\n<\/tr>\n<\/tbody>\n<\/table>\n","protected":false},"excerpt":{"rendered":"<p>T&Eacute;CNICO SUPERIOR en GESTION de la PRODUCCI&Oacute;N AGROPECUARIA.&nbsp; Resoluci&oacute;n Ministerial: 232\/87. T&iacute;tulo: Oficial. Duraci&oacute;n: 3 (tres) a&ntilde;os. Condici&oacute;n de Ingreso: Secundario Completo. Con capacidad para: Desempe&ntilde;arse como productor independiente y conductor de procesos productivos agropecuarios. Como agente de reparticiones oficiales y colaborador profesional universitario de tareas de investigaci&oacute;n, experimentaci&oacute;n y producci&oacute;n. C&oacute;mo t&eacute;cnico en empresas &#8230; <a title=\"T\u00e9cnico Superior en Gesti\u00f3n de la Producci\u00f3n Agropecuaria\" class=\"read-more\" href=\"https:\/\/ensvslasvarillas-cba.infd.edu.ar\/sitio\/tecnico-superior-en-gestion-de-la-produccion-agropecuaria\/\" aria-label=\"More on T\u00e9cnico Superior en Gesti\u00f3n de la Producci\u00f3n Agropecuaria\">[+]<\/a><\/p>\n","protected":false},"author":158,"featured_media":0,"parent":0,"menu_order":0,"comment_status":"closed","ping_status":"closed","template":"","meta":[],"acf":[],"_links":{"self":[{"href":"https:\/\/ensvslasvarillas-cba.infd.edu.ar\/sitio\/wp-json\/wp\/v2\/pages\/907"}],"collection":[{"href":"https:\/\/ensvslasvarillas-cba.infd.edu.ar\/sitio\/wp-json\/wp\/v2\/pages"}],"about":[{"href":"https:\/\/ensvslasvarillas-cba.infd.edu.ar\/sitio\/wp-json\/wp\/v2\/types\/page"}],"author":[{"embeddable":true,"href":"https:\/\/ensvslasvarillas-cba.infd.edu.ar\/sitio\/wp-json\/wp\/v2\/users\/158"}],"replies":[{"embeddable":true,"href":"https:\/\/ensvslasvarillas-cba.infd.edu.ar\/sitio\/wp-json\/wp\/v2\/comments?post=907"}],"version-history":[{"count":0,"href":"https:\/\/ensvslasvarillas-cba.infd.edu.ar\/sitio\/wp-json\/wp\/v2\/pages\/907\/revisions"}],"wp:attachment":[{"href":"https:\/\/ensvslasvarillas-cba.infd.edu.ar\/sitio\/wp-json\/wp\/v2\/media?parent=907"}],"curies":[{"name":"wp","href":"https:\/\/api.w.org\/{rel}","templated":true}]}}

Técnico Superior en Gestión de la Producción Agropecuaria

<p>T&Eacute;CNICO SUPERIOR en GESTION de la PRODUCCI&Oacute;N AGROPECUARIA.&nbsp; Resoluci&oacute;n Ministerial: 232/87. T&iacute;tulo: Oficial. Duraci&oacute;n: 3 (tres) a&ntilde;os. Condici&oacute;n de Ingreso: Secundario Completo. Con capacidad para: Desempe&ntilde;arse como productor independiente y conductor de procesos productivos agropecuarios. Como agente de reparticiones oficiales y colaborador profesional universitario de tareas de investigaci&oacute;n, experimentaci&oacute;n y producci&oacute;n. C&oacute;mo t&eacute;cnico en empresas &#8230; <a title="Técnico Superior en Gestión de la Producción Agropecuaria" class="read-more" href="https://ensvslasvarillas-cba.infd.edu.ar/sitio/tecnico-superior-en-gestion-de-la-produccion-agropecuaria/" aria-label="More on Técnico Superior en Gestión de la Producción Agropecuaria">[+]</a></p>
